{"id":8860,"date":"2024-07-04T10:09:22","date_gmt":"2024-07-04T09:09:22","guid":{"rendered":"https:\/\/juvigo.pt\/revista\/?page_id=8860"},"modified":"2024-07-04T10:09:24","modified_gmt":"2024-07-04T09:09:24","slug":"qualidade","status":"publish","type":"page","link":"https:\/\/juvigo.pt\/revista\/qualidade\/","title":{"rendered":"O nosso padr\u00e3o de Qualidade"},"content":{"rendered":"\n<div class=\"wp-block-columns is-layout-flex wp-container-core-columns-is-layout-1 wp-block-columns-is-layout-flex\">\n<div class=\"wp-block-column is-layout-flow wp-block-column-is-layout-flow\" style=\"flex-basis:66.66%\">\n<h2 class=\"wp-block-heading\">Aconselhamento Personalizado<\/h2>\n\n\n\n<p>Muitos de n\u00f3s na Juvigo n\u00e3o s\u00f3 aproveit\u00e1mos os campos de f\u00e9rias quando \u00e9ramos crian\u00e7as, como alguns t\u00eam anos de experi\u00eancia e especializa\u00e7\u00e3o como monitores de campos de f\u00e9rias. \u00c9 por isso que sabemos exatamente o que as crian\u00e7as e jovens querem para viver uma aventura inesquec\u00edvel.<\/p>\n\n\n\n<p>\u00c9 muito importante que confies em n\u00f3s! \u00c9 por isso que ficamos felizes por te aconselhar de forma personalizada por telefone, E-mail ou WhatsApp e claro responder a todas as tuas outras quest\u00f5es acerca dos campos de f\u00e9rias.<\/p>\n<\/div>\n\n\n\n<div class=\"wp-block-column is-layout-flow wp-block-column-is-layout-flow\" style=\"flex-basis:33.33%\"><div class=\"wp-block-image\">\n<figure class=\"aligncenter size-full\"><img decoding=\"async\" width=\"500\" height=\"500\" data-src=\"https:\/\/juvigo.pt\/revista\/wp-content\/uploads\/2024\/07\/image-4.png\" alt=\"\" class=\"wp-image-8861 lazyload\" title=\"Aconselhamento personalizado de especialistas em acampamentos de f\u00e9rias de Juvigo\" data-srcset=\"https:\/\/juvigo.pt\/revista\/wp-content\/uploads\/2024\/07\/image-4.png 500w, https:\/\/juvigo.pt\/revista\/wp-content\/uploads\/2024\/07\/image-4-300x300.png 300w, https:\/\/juvigo.pt\/revista\/wp-content\/uploads\/2024\/07\/image-4-150x150.png 150w, https:\/\/juvigo.pt\/revista\/wp-content\/uploads\/2024\/07\/image-4-278x278.png 278w, https:\/\/juvigo.pt\/revista\/wp-content\/uploads\/2024\/07\/image-4-247x247.png 247w\" data-sizes=\"(max-width: 500px) 100vw, 500px\" src=\"data:image\/gif;base64,R0lGODlhAQABAAAAACH5BAEKAAEALAAAAAABAAEAAAICTAEAOw==\" style=\"--smush-placeholder-width: 500px; --smush-placeholder-aspect-ratio: 500\/500;\" \/><\/figure><\/div><\/div>\n<\/div>\n\n\n\n<div class=\"wp-block-columns is-layout-flex wp-container-core-columns-is-layout-2 wp-block-columns-is-layout-flex\">\n<div class=\"wp-block-column is-layout-flow wp-block-column-is-layout-flow\" style=\"flex-basis:66.66%\">\n<h2 class=\"wp-block-heading\">Sele\u00e7\u00e3o dos Campos de F\u00e9rias<\/h2>\n\n\n\n<p>Aqui podes consultar todos os Campos de F\u00e9rias. Tem uma vis\u00e3o geral e compara diretamente. Na Juvigo oferecemos centenas de campos em 17 pa\u00edses e milhares de datas de viagem. Contudo, n\u00e3o \u00e9 apenas a sele\u00e7\u00e3o que \u00e9 importante para n\u00f3s. Fazemos a nossa sele\u00e7\u00e3o atrav\u00e9s de crit\u00e9rios rigorosos, para que n\u00e3o s\u00f3 te divirtas durante as f\u00e9rias, mas para que tamb\u00e9m estejas seguro e em boas m\u00e3os.<\/p>\n<\/div>\n\n\n\n<div class=\"wp-block-column is-layout-flow wp-block-column-is-layout-flow\" style=\"flex-basis:33.33%\"><\/div>\n<\/div>\n\n\n\n<div class=\"wp-block-columns is-layout-flex wp-container-core-columns-is-layout-3 wp-block-columns-is-layout-flex\">\n<div class=\"wp-block-column is-layout-flow wp-block-column-is-layout-flow\" style=\"flex-basis:66.66%\">\n<h2 class=\"wp-block-heading\">Reserva f\u00e1cil e segura<\/h2>\n\n\n\n<p>N\u00e3o tens de te preocupar com um processo de reservas pouco transparente connosco. Um sistema de reserva simples, sem fraude ou enganos &#8211; faz parte das regras b\u00e1sicas do nosso servi\u00e7o. Ap\u00f3s reservar, receber\u00e1 todas as informa\u00e7\u00f5es importantes acerca da viagem reservada.<\/p>\n\n\n\n<p>Ainda n\u00e3o tens a certeza se desejas reservar? N\u00e3o tem problema. Com o nosso servi\u00e7o de reservas por telefone, podes garantir um lugar no campo de f\u00e9rias e submeter oficialmente a reserva numa data posterior. Para al\u00e9m disso, oferecemos-te cancelamento gratuito para algumas viagens, at\u00e9 duas semanas antes do in\u00edcio da mesma. Podes verificar esta informa\u00e7\u00e3o nas notas correspondentes, no momento em que fazes uma reserva.<\/p>\n<\/div>\n\n\n\n<div class=\"wp-block-column is-layout-flow wp-block-column-is-layout-flow\" style=\"flex-basis:33.33%\"><div class=\"wp-block-image\">\n<figure class=\"aligncenter size-full\"><img decoding=\"async\" width=\"500\" height=\"500\" data-src=\"https:\/\/juvigo.pt\/revista\/wp-content\/uploads\/2024\/07\/image-5.png\" alt=\"\" class=\"wp-image-8862 lazyload\" title=\"Em Juvigo podes facilmente reservar por telefone!\" data-srcset=\"https:\/\/juvigo.pt\/revista\/wp-content\/uploads\/2024\/07\/image-5.png 500w, https:\/\/juvigo.pt\/revista\/wp-content\/uploads\/2024\/07\/image-5-300x300.png 300w, https:\/\/juvigo.pt\/revista\/wp-content\/uploads\/2024\/07\/image-5-150x150.png 150w, https:\/\/juvigo.pt\/revista\/wp-content\/uploads\/2024\/07\/image-5-278x278.png 278w, https:\/\/juvigo.pt\/revista\/wp-content\/uploads\/2024\/07\/image-5-247x247.png 247w\" data-sizes=\"(max-width: 500px) 100vw, 500px\" src=\"data:image\/gif;base64,R0lGODlhAQABAAAAACH5BAEKAAEALAAAAAABAAEAAAICTAEAOw==\" style=\"--smush-placeholder-width: 500px; --smush-placeholder-aspect-ratio: 500\/500;\" \/><\/figure><\/div><\/div>\n<\/div>\n\n\n\n<div class=\"wp-block-columns is-layout-flex wp-container-core-columns-is-layout-4 wp-block-columns-is-layout-flex\">\n<div class=\"wp-block-column is-layout-flow wp-block-column-is-layout-flow\" style=\"flex-basis:66.66%\">\n<h2 class=\"wp-block-heading\">Servi\u00e7o de Primeira Classe<\/h2>\n\n\n\n<p>Em caso de d\u00favidas, estamos sempre dispon\u00edveis por chamada ou E-mail. Queremos que tenhas o melhor campo de f\u00e9rias ou viagem de jovens, por isso vamos dar-te aten\u00e7\u00e3o personalizada! Tamb\u00e9m recomendamos o nosso aconselhamento para os cursos de l\u00ednguas. Tamb\u00e9m temos um servi\u00e7o de reserva especialmente para grupos. Um especialista da nossa equipa pode aconselhar-te, e se necess\u00e1rio, fazer a reserva &#8211; faremos tudo sem qualquer compromisso e sem custos associados. Vamos responder a todas as perguntas sobre as crian\u00e7as e viagens de jovens, vais encontrar a viagem certa com a Juvigo.<\/p>\n<\/div>\n\n\n\n<div class=\"wp-block-column is-layout-flow wp-block-column-is-layout-flow\" style=\"flex-basis:33.33%\"><\/div>\n<\/div>\n\n\n\n<div class=\"wp-block-columns is-layout-flex wp-container-core-columns-is-layout-5 wp-block-columns-is-layout-flex\">\n<div class=\"wp-block-column is-layout-flow wp-block-column-is-layout-flow\" style=\"flex-basis:66.66%\">\n<h2 class=\"wp-block-heading\">Conceito reconhecido<\/h2>\n\n\n\n<p>O conceito da Juvigo \u00e9 um sucesso! A Verband Internet Reisevertrieb (Associa\u00e7\u00e3o Alem\u00e3 de Viagens pela Internet) reconheceu recentemente atrav\u00e9s de um pr\u00e9mio internacional o trabalho da Juvigo, pela ideia de oferecer e reservar via Internet campos de f\u00e9rias, viagens de jovens e cursos de l\u00ednguas. Este pr\u00e9mio \u00e9 um reconhecimento da abordagem da Juvigo em tornar transparente um mercado regionalmente fragmentado. Ficaram tamb\u00e9m impressionados com os procedimentos e o excelente servi\u00e7o de apoio ao cliente. Os pais, crian\u00e7as e jovens s\u00e3o aconselhados pelos especialistas de f\u00e9rias n\u00e3o s\u00f3 por telefone como tamb\u00e9m por E-mail, WhatsApp e Facebook!<\/p>\n<\/div>\n\n\n\n<div class=\"wp-block-column is-layout-flow wp-block-column-is-layout-flow\" style=\"flex-basis:33.33%\"><div class=\"wp-block-image\">\n<figure class=\"aligncenter size-full\"><img decoding=\"async\" width=\"994\" height=\"397\" data-src=\"https:\/\/juvigo.pt\/revista\/wp-content\/uploads\/2024\/07\/image-6.png\" alt=\"\" class=\"wp-image-8863 lazyload\" title=\"Juvigo - Vencedor do concurso de inova\u00e7\u00e3o VIR 'Sprungbrett' 2017\" data-srcset=\"https:\/\/juvigo.pt\/revista\/wp-content\/uploads\/2024\/07\/image-6.png 994w, https:\/\/juvigo.pt\/revista\/wp-content\/uploads\/2024\/07\/image-6-300x120.png 300w, https:\/\/juvigo.pt\/revista\/wp-content\/uploads\/2024\/07\/image-6-768x307.png 768w, https:\/\/juvigo.pt\/revista\/wp-content\/uploads\/2024\/07\/image-6-600x240.png 600w, https:\/\/juvigo.pt\/revista\/wp-content\/uploads\/2024\/07\/image-6-800x320.png 800w\" data-sizes=\"(max-width: 994px) 100vw, 994px\" src=\"data:image\/gif;base64,R0lGODlhAQABAAAAACH5BAEKAAEALAAAAAABAAEAAAICTAEAOw==\" style=\"--smush-placeholder-width: 994px; --smush-placeholder-aspect-ratio: 994\/397;\" \/><\/figure><\/div><\/div>\n<\/div>\n\n\n\n<div class=\"skeepers_carousel_container\" data-slides-count=\"3\"><\/div><script async charset=\"utf-8\" src=\"\/\/widgets.rr.skeepers.io\/carousel\/4566a67e-f70d-6be4-21c7-c504c7137397\/ea4d7c16-6ed4-4daf-8535-8b4d26eaec69.js\"><\/script>\n","protected":false},"excerpt":{"rendered":"<p>Aconselhamento Personalizado Muitos de n\u00f3s na Juvigo n\u00e3o s\u00f3 aproveit\u00e1mos os campos de f\u00e9rias quando \u00e9ramos crian\u00e7as, como alguns t\u00eam anos de experi\u00eancia e especializa\u00e7\u00e3o como monitores de campos de f\u00e9rias. \u00c9 por isso que sabemos exatamente o que as crian\u00e7as e jovens querem para viver uma aventura inesquec\u00edvel. \u00c9 muito importante que confies em [&hellip;]<\/p>\n","protected":false},"author":3,"featured_media":8816,"parent":0,"menu_order":0,"comment_status":"closed","ping_status":"closed","template":"","meta":{"advgb_blocks_editor_width":"","advgb_blocks_columns_visual_guide":"","footnotes":"","_links_to":"","_links_to_target":""},"categories":[],"tags":[],"class_list":["post-8860","page","type-page","status-publish","has-post-thumbnail","hentry"],"yoast_head":"<!-- This site is optimized with the Yoast SEO plugin v24.8.1 - https:\/\/yoast.com\/wordpress\/plugins\/seo\/ -->\n<title>O nosso padr\u00e3o de Qualidade - Juvigo Revista<\/title>\n<meta name=\"robots\" content=\"index, follow, max-snippet:-1, max-image-preview:large, max-video-preview:-1\" \/>\n<link rel=\"canonical\" href=\"https:\/\/juvigo.pt\/revista\/qualidade\/\" \/>\n<meta property=\"og:locale\" content=\"pt_PT\" \/>\n<meta property=\"og:type\" content=\"article\" \/>\n<meta property=\"og:title\" content=\"O nosso padr\u00e3o de Qualidade - Juvigo Revista\" \/>\n<meta property=\"og:description\" content=\"Aconselhamento Personalizado Muitos de n\u00f3s na Juvigo n\u00e3o s\u00f3 aproveit\u00e1mos os campos de f\u00e9rias quando \u00e9ramos crian\u00e7as, como alguns t\u00eam anos de experi\u00eancia e especializa\u00e7\u00e3o como monitores de campos de f\u00e9rias. \u00c9 por isso que sabemos exatamente o que as crian\u00e7as e jovens querem para viver uma aventura inesquec\u00edvel. \u00c9 muito importante que confies em [&hellip;]\" \/>\n<meta property=\"og:url\" content=\"https:\/\/juvigo.pt\/revista\/qualidade\/\" \/>\n<meta property=\"og:site_name\" content=\"Juvigo Revista\" \/>\n<meta property=\"article:publisher\" content=\"https:\/\/de-de.facebook.com\/meinjuvigo\" \/>\n<meta property=\"article:modified_time\" content=\"2024-07-04T09:09:24+00:00\" \/>\n<meta property=\"og:image\" content=\"https:\/\/juvigo.pt\/revista\/wp-content\/uploads\/2024\/07\/camping-4303357_1920.jpg\" \/>\n\t<meta property=\"og:image:width\" content=\"1920\" \/>\n\t<meta property=\"og:image:height\" content=\"1080\" \/>\n\t<meta property=\"og:image:type\" content=\"image\/jpeg\" \/>\n<meta name=\"twitter:card\" content=\"summary_large_image\" \/>\n<meta name=\"twitter:site\" content=\"@meinjuvigo\" \/>\n<meta name=\"twitter:label1\" content=\"Tempo estimado de leitura\" \/>\n\t<meta name=\"twitter:data1\" content=\"4 minutos\" \/>\n<script type=\"application\/ld+json\" class=\"yoast-schema-graph\">{\"@context\":\"https:\/\/schema.org\",\"@graph\":[{\"@type\":\"WebPage\",\"@id\":\"https:\/\/juvigo.pt\/revista\/qualidade\/\",\"url\":\"https:\/\/juvigo.pt\/revista\/qualidade\/\",\"name\":\"O nosso padr\u00e3o de Qualidade - Juvigo Revista\",\"isPartOf\":{\"@id\":\"https:\/\/juvigo.pt\/revista\/#website\"},\"primaryImageOfPage\":{\"@id\":\"https:\/\/juvigo.pt\/revista\/qualidade\/#primaryimage\"},\"image\":{\"@id\":\"https:\/\/juvigo.pt\/revista\/qualidade\/#primaryimage\"},\"thumbnailUrl\":\"https:\/\/juvigo.pt\/revista\/wp-content\/uploads\/2024\/07\/camping-4303357_1920.jpg\",\"datePublished\":\"2024-07-04T09:09:22+00:00\",\"dateModified\":\"2024-07-04T09:09:24+00:00\",\"breadcrumb\":{\"@id\":\"https:\/\/juvigo.pt\/revista\/qualidade\/#breadcrumb\"},\"inLanguage\":\"pt\",\"potentialAction\":[{\"@type\":\"ReadAction\",\"target\":[\"https:\/\/juvigo.pt\/revista\/qualidade\/\"]}]},{\"@type\":\"ImageObject\",\"inLanguage\":\"pt\",\"@id\":\"https:\/\/juvigo.pt\/revista\/qualidade\/#primaryimage\",\"url\":\"https:\/\/juvigo.pt\/revista\/wp-content\/uploads\/2024\/07\/camping-4303357_1920.jpg\",\"contentUrl\":\"https:\/\/juvigo.pt\/revista\/wp-content\/uploads\/2024\/07\/camping-4303357_1920.jpg\",\"width\":1920,\"height\":1080},{\"@type\":\"BreadcrumbList\",\"@id\":\"https:\/\/juvigo.pt\/revista\/qualidade\/#breadcrumb\",\"itemListElement\":[{\"@type\":\"ListItem\",\"position\":1,\"name\":\"Juvigo Revista\",\"item\":\"https:\/\/juvigo.pt\/revista\/\"},{\"@type\":\"ListItem\",\"position\":2,\"name\":\"O nosso padr\u00e3o de Qualidade\"}]},{\"@type\":\"WebSite\",\"@id\":\"https:\/\/juvigo.pt\/revista\/#website\",\"url\":\"https:\/\/juvigo.pt\/revista\/\",\"name\":\"Juvigo Revista\",\"description\":\"A revista Juvigo de Campos de f\u00e9rias, Col\u00f3nias de f\u00e9rias e Cursos de L\u00ednguas\",\"publisher\":{\"@id\":\"https:\/\/juvigo.pt\/revista\/#organization\"},\"potentialAction\":[{\"@type\":\"SearchAction\",\"target\":{\"@type\":\"EntryPoint\",\"urlTemplate\":\"https:\/\/juvigo.pt\/revista\/?s={search_term_string}\"},\"query-input\":{\"@type\":\"PropertyValueSpecification\",\"valueRequired\":true,\"valueName\":\"search_term_string\"}}],\"inLanguage\":\"pt\"},{\"@type\":\"Organization\",\"@id\":\"https:\/\/juvigo.pt\/revista\/#organization\",\"name\":\"Juvigo GmbH\",\"url\":\"https:\/\/juvigo.pt\/revista\/\",\"logo\":{\"@type\":\"ImageObject\",\"inLanguage\":\"pt\",\"@id\":\"https:\/\/juvigo.pt\/revista\/#\/schema\/logo\/image\/\",\"url\":\"https:\/\/juvigo.es\/revista\/wp-content\/uploads\/2022\/02\/magazine_logo_scaled.png\",\"contentUrl\":\"https:\/\/juvigo.es\/revista\/wp-content\/uploads\/2022\/02\/magazine_logo_scaled.png\",\"width\":240,\"height\":100,\"caption\":\"Juvigo GmbH\"},\"image\":{\"@id\":\"https:\/\/juvigo.pt\/revista\/#\/schema\/logo\/image\/\"},\"sameAs\":[\"https:\/\/de-de.facebook.com\/meinjuvigo\",\"https:\/\/x.com\/meinjuvigo\",\"http:\/\/instagram.com\/juvigo_de\/\"]}]}<\/script>\n<!-- \/ Yoast SEO plugin. -->","yoast_head_json":{"title":"O nosso padr\u00e3o de Qualidade - Juvigo Revista","robots":{"index":"index","follow":"follow","max-snippet":"max-snippet:-1","max-image-preview":"max-image-preview:large","max-video-preview":"max-video-preview:-1"},"canonical":"https:\/\/juvigo.pt\/revista\/qualidade\/","og_locale":"pt_PT","og_type":"article","og_title":"O nosso padr\u00e3o de Qualidade - Juvigo Revista","og_description":"Aconselhamento Personalizado Muitos de n\u00f3s na Juvigo n\u00e3o s\u00f3 aproveit\u00e1mos os campos de f\u00e9rias quando \u00e9ramos crian\u00e7as, como alguns t\u00eam anos de experi\u00eancia e especializa\u00e7\u00e3o como monitores de campos de f\u00e9rias. \u00c9 por isso que sabemos exatamente o que as crian\u00e7as e jovens querem para viver uma aventura inesquec\u00edvel. \u00c9 muito importante que confies em [&hellip;]","og_url":"https:\/\/juvigo.pt\/revista\/qualidade\/","og_site_name":"Juvigo Revista","article_publisher":"https:\/\/de-de.facebook.com\/meinjuvigo","article_modified_time":"2024-07-04T09:09:24+00:00","og_image":[{"width":1920,"height":1080,"url":"https:\/\/juvigo.pt\/revista\/wp-content\/uploads\/2024\/07\/camping-4303357_1920.jpg","type":"image\/jpeg"}],"twitter_card":"summary_large_image","twitter_site":"@meinjuvigo","twitter_misc":{"Tempo estimado de leitura":"4 minutos"},"schema":{"@context":"https:\/\/schema.org","@graph":[{"@type":"WebPage","@id":"https:\/\/juvigo.pt\/revista\/qualidade\/","url":"https:\/\/juvigo.pt\/revista\/qualidade\/","name":"O nosso padr\u00e3o de Qualidade - Juvigo Revista","isPartOf":{"@id":"https:\/\/juvigo.pt\/revista\/#website"},"primaryImageOfPage":{"@id":"https:\/\/juvigo.pt\/revista\/qualidade\/#primaryimage"},"image":{"@id":"https:\/\/juvigo.pt\/revista\/qualidade\/#primaryimage"},"thumbnailUrl":"https:\/\/juvigo.pt\/revista\/wp-content\/uploads\/2024\/07\/camping-4303357_1920.jpg","datePublished":"2024-07-04T09:09:22+00:00","dateModified":"2024-07-04T09:09:24+00:00","breadcrumb":{"@id":"https:\/\/juvigo.pt\/revista\/qualidade\/#breadcrumb"},"inLanguage":"pt","potentialAction":[{"@type":"ReadAction","target":["https:\/\/juvigo.pt\/revista\/qualidade\/"]}]},{"@type":"ImageObject","inLanguage":"pt","@id":"https:\/\/juvigo.pt\/revista\/qualidade\/#primaryimage","url":"https:\/\/juvigo.pt\/revista\/wp-content\/uploads\/2024\/07\/camping-4303357_1920.jpg","contentUrl":"https:\/\/juvigo.pt\/revista\/wp-content\/uploads\/2024\/07\/camping-4303357_1920.jpg","width":1920,"height":1080},{"@type":"BreadcrumbList","@id":"https:\/\/juvigo.pt\/revista\/qualidade\/#breadcrumb","itemListElement":[{"@type":"ListItem","position":1,"name":"Juvigo Revista","item":"https:\/\/juvigo.pt\/revista\/"},{"@type":"ListItem","position":2,"name":"O nosso padr\u00e3o de Qualidade"}]},{"@type":"WebSite","@id":"https:\/\/juvigo.pt\/revista\/#website","url":"https:\/\/juvigo.pt\/revista\/","name":"Juvigo Revista","description":"A revista Juvigo de Campos de f\u00e9rias, Col\u00f3nias de f\u00e9rias e Cursos de L\u00ednguas","publisher":{"@id":"https:\/\/juvigo.pt\/revista\/#organization"},"potentialAction":[{"@type":"SearchAction","target":{"@type":"EntryPoint","urlTemplate":"https:\/\/juvigo.pt\/revista\/?s={search_term_string}"},"query-input":{"@type":"PropertyValueSpecification","valueRequired":true,"valueName":"search_term_string"}}],"inLanguage":"pt"},{"@type":"Organization","@id":"https:\/\/juvigo.pt\/revista\/#organization","name":"Juvigo GmbH","url":"https:\/\/juvigo.pt\/revista\/","logo":{"@type":"ImageObject","inLanguage":"pt","@id":"https:\/\/juvigo.pt\/revista\/#\/schema\/logo\/image\/","url":"https:\/\/juvigo.es\/revista\/wp-content\/uploads\/2022\/02\/magazine_logo_scaled.png","contentUrl":"https:\/\/juvigo.es\/revista\/wp-content\/uploads\/2022\/02\/magazine_logo_scaled.png","width":240,"height":100,"caption":"Juvigo GmbH"},"image":{"@id":"https:\/\/juvigo.pt\/revista\/#\/schema\/logo\/image\/"},"sameAs":["https:\/\/de-de.facebook.com\/meinjuvigo","https:\/\/x.com\/meinjuvigo","http:\/\/instagram.com\/juvigo_de\/"]}]}},"wps_subtitle":"","coauthors":[],"author_meta":{"author_link":"https:\/\/juvigo.pt\/revista\/author\/max\/","display_name":"Max"},"relative_dates":{"created":"Posted 2 anos ago","modified":"Updated 2 anos ago"},"absolute_dates":{"created":"Posted on 04.07.2024","modified":"Updated on 04.07.2024"},"absolute_dates_time":{"created":"Posted on 04.07.2024 10:09","modified":"Updated on 04.07.2024 10:09"},"featured_img_caption":"","featured_img":"https:\/\/juvigo.pt\/revista\/wp-content\/uploads\/2024\/07\/camping-4303357_1920.jpg","series_order":"","_links":{"self":[{"href":"https:\/\/juvigo.pt\/revista\/wp-json\/wp\/v2\/pages\/8860","targetHints":{"allow":["GET"]}}],"collection":[{"href":"https:\/\/juvigo.pt\/revista\/wp-json\/wp\/v2\/pages"}],"about":[{"href":"https:\/\/juvigo.pt\/revista\/wp-json\/wp\/v2\/types\/page"}],"author":[{"embeddable":true,"href":"https:\/\/juvigo.pt\/revista\/wp-json\/wp\/v2\/users\/3"}],"replies":[{"embeddable":true,"href":"https:\/\/juvigo.pt\/revista\/wp-json\/wp\/v2\/comments?post=8860"}],"version-history":[{"count":1,"href":"https:\/\/juvigo.pt\/revista\/wp-json\/wp\/v2\/pages\/8860\/revisions"}],"predecessor-version":[{"id":8865,"href":"https:\/\/juvigo.pt\/revista\/wp-json\/wp\/v2\/pages\/8860\/revisions\/8865"}],"wp:featuredmedia":[{"embeddable":true,"href":"https:\/\/juvigo.pt\/revista\/wp-json\/wp\/v2\/media\/8816"}],"wp:attachment":[{"href":"https:\/\/juvigo.pt\/revista\/wp-json\/wp\/v2\/media?parent=8860"}],"wp:term":[{"taxonomy":"category","embeddable":true,"href":"https:\/\/juvigo.pt\/revista\/wp-json\/wp\/v2\/categories?post=8860"},{"taxonomy":"post_tag","embeddable":true,"href":"https:\/\/juvigo.pt\/revista\/wp-json\/wp\/v2\/tags?post=8860"}],"curies":[{"name":"wp","href":"https:\/\/api.w.org\/{rel}","templated":true}]}}