{"id":23,"date":"2019-02-12T16:15:28","date_gmt":"2019-02-12T15:15:28","guid":{"rendered":"http:\/\/magazin.juvigo.de\/wordpress\/?page_id=23"},"modified":"2022-06-22T12:27:15","modified_gmt":"2022-06-22T10:27:15","slug":"revista","status":"publish","type":"page","link":"https:\/\/juvigo.pt\/revista\/","title":{"rendered":"Revista"},"content":{"rendered":"\n<h1 class=\"wp-block-heading\">Das Juvigo Magazin<\/h1>\n\n\n\n","protected":false},"excerpt":{"rendered":"<p>Das Juvigo Magazin<\/p>\n","protected":false},"author":18,"featured_media":0,"parent":0,"menu_order":0,"comment_status":"closed","ping_status":"closed","template":"","meta":{"advgb_blocks_editor_width":"","advgb_blocks_columns_visual_guide":"","footnotes":"","_links_to":"","_links_to_target":""},"categories":[],"tags":[],"class_list":["post-23","page","type-page","status-publish","hentry"],"yoast_head":"<!-- This site is optimized with the Yoast SEO plugin v24.8.1 - https:\/\/yoast.com\/wordpress\/plugins\/seo\/ -->\n<title>Juvigo Revista - A revista de campos de f\u00e9rias, col\u00f3nias de f\u00e9rias e cursos de l\u00ednguas<\/title>\n<meta name=\"description\" content=\"A revista de campos de f\u00e9rias, col\u00f3nias de f\u00e9rias e cursos de l\u00ednguas da Juvigo. Para crian\u00e7as, pais e parceiros. Encontra o teu campo de f\u00e9rias na Juvigo!\" \/>\n<meta name=\"robots\" content=\"index, follow, max-snippet:-1, max-image-preview:large, max-video-preview:-1\" \/>\n<link rel=\"canonical\" href=\"https:\/\/juvigo.pt\/revista\/\" \/>\n<meta property=\"og:locale\" content=\"pt_PT\" \/>\n<meta property=\"og:type\" content=\"article\" \/>\n<meta property=\"og:title\" content=\"Juvigo Revista - A revista de campos de f\u00e9rias, col\u00f3nias de f\u00e9rias e cursos de l\u00ednguas\" \/>\n<meta property=\"og:description\" content=\"A revista de campos de f\u00e9rias, col\u00f3nias de f\u00e9rias e cursos de l\u00ednguas da Juvigo. Para crian\u00e7as, pais e parceiros. Encontra o teu campo de f\u00e9rias na Juvigo!\" \/>\n<meta property=\"og:url\" content=\"https:\/\/juvigo.pt\/revista\/\" \/>\n<meta property=\"og:site_name\" content=\"Juvigo Revista\" \/>\n<meta property=\"article:publisher\" content=\"https:\/\/de-de.facebook.com\/meinjuvigo\" \/>\n<meta property=\"article:modified_time\" content=\"2022-06-22T10:27:15+00:00\" \/>\n<meta property=\"og:image\" content=\"https:\/\/juvigo.pt\/revista\/wp-content\/uploads\/2019\/02\/banner-small-1.jpg\" \/>\n\t<meta property=\"og:image:width\" content=\"1440\" \/>\n\t<meta property=\"og:image:height\" content=\"590\" \/>\n\t<meta property=\"og:image:type\" content=\"image\/jpeg\" \/>\n<meta name=\"twitter:card\" content=\"summary_large_image\" \/>\n<meta name=\"twitter:site\" content=\"@meinjuvigo\" \/>\n<meta name=\"twitter:label1\" content=\"Tempo estimado de leitura\" \/>\n\t<meta name=\"twitter:data1\" content=\"1 minuto\" \/>\n<script type=\"application\/ld+json\" class=\"yoast-schema-graph\">{\"@context\":\"https:\/\/schema.org\",\"@graph\":[{\"@type\":\"WebPage\",\"@id\":\"https:\/\/juvigo.pt\/revista\/\",\"url\":\"https:\/\/juvigo.pt\/revista\/\",\"name\":\"Juvigo Revista - A revista de campos de f\u00e9rias, col\u00f3nias de f\u00e9rias e cursos de l\u00ednguas\",\"isPartOf\":{\"@id\":\"https:\/\/juvigo.pt\/revista\/#website\"},\"datePublished\":\"2019-02-12T15:15:28+00:00\",\"dateModified\":\"2022-06-22T10:27:15+00:00\",\"description\":\"A revista de campos de f\u00e9rias, col\u00f3nias de f\u00e9rias e cursos de l\u00ednguas da Juvigo. Para crian\u00e7as, pais e parceiros. Encontra o teu campo de f\u00e9rias na Juvigo!\",\"breadcrumb\":{\"@id\":\"https:\/\/juvigo.pt\/revista\/#breadcrumb\"},\"inLanguage\":\"pt\",\"potentialAction\":[{\"@type\":\"ReadAction\",\"target\":[\"https:\/\/juvigo.pt\/revista\/\"]}]},{\"@type\":\"BreadcrumbList\",\"@id\":\"https:\/\/juvigo.pt\/revista\/#breadcrumb\",\"itemListElement\":[{\"@type\":\"ListItem\",\"position\":1,\"name\":\"Juvigo Revista\",\"item\":\"https:\/\/juvigo.pt\/revista\/\"},{\"@type\":\"ListItem\",\"position\":2,\"name\":\"Revista\"}]},{\"@type\":\"WebSite\",\"@id\":\"https:\/\/juvigo.pt\/revista\/#website\",\"url\":\"https:\/\/juvigo.pt\/revista\/\",\"name\":\"Juvigo Revista\",\"description\":\"A revista Juvigo de Campos de f\u00e9rias, Col\u00f3nias de f\u00e9rias e Cursos de L\u00ednguas\",\"publisher\":{\"@id\":\"https:\/\/juvigo.pt\/revista\/#organization\"},\"potentialAction\":[{\"@type\":\"SearchAction\",\"target\":{\"@type\":\"EntryPoint\",\"urlTemplate\":\"https:\/\/juvigo.pt\/revista\/?s={search_term_string}\"},\"query-input\":{\"@type\":\"PropertyValueSpecification\",\"valueRequired\":true,\"valueName\":\"search_term_string\"}}],\"inLanguage\":\"pt\"},{\"@type\":\"Organization\",\"@id\":\"https:\/\/juvigo.pt\/revista\/#organization\",\"name\":\"Juvigo GmbH\",\"url\":\"https:\/\/juvigo.pt\/revista\/\",\"logo\":{\"@type\":\"ImageObject\",\"inLanguage\":\"pt\",\"@id\":\"https:\/\/juvigo.pt\/revista\/#\/schema\/logo\/image\/\",\"url\":\"https:\/\/juvigo.es\/revista\/wp-content\/uploads\/2022\/02\/magazine_logo_scaled.png\",\"contentUrl\":\"https:\/\/juvigo.es\/revista\/wp-content\/uploads\/2022\/02\/magazine_logo_scaled.png\",\"width\":240,\"height\":100,\"caption\":\"Juvigo GmbH\"},\"image\":{\"@id\":\"https:\/\/juvigo.pt\/revista\/#\/schema\/logo\/image\/\"},\"sameAs\":[\"https:\/\/de-de.facebook.com\/meinjuvigo\",\"https:\/\/x.com\/meinjuvigo\",\"http:\/\/instagram.com\/juvigo_de\/\"]}]}<\/script>\n<!-- \/ Yoast SEO plugin. -->","yoast_head_json":{"title":"Juvigo Revista - A revista de campos de f\u00e9rias, col\u00f3nias de f\u00e9rias e cursos de l\u00ednguas","description":"A revista de campos de f\u00e9rias, col\u00f3nias de f\u00e9rias e cursos de l\u00ednguas da Juvigo. Para crian\u00e7as, pais e parceiros. Encontra o teu campo de f\u00e9rias na Juvigo!","robots":{"index":"index","follow":"follow","max-snippet":"max-snippet:-1","max-image-preview":"max-image-preview:large","max-video-preview":"max-video-preview:-1"},"canonical":"https:\/\/juvigo.pt\/revista\/","og_locale":"pt_PT","og_type":"article","og_title":"Juvigo Revista - A revista de campos de f\u00e9rias, col\u00f3nias de f\u00e9rias e cursos de l\u00ednguas","og_description":"A revista de campos de f\u00e9rias, col\u00f3nias de f\u00e9rias e cursos de l\u00ednguas da Juvigo. Para crian\u00e7as, pais e parceiros. Encontra o teu campo de f\u00e9rias na Juvigo!","og_url":"https:\/\/juvigo.pt\/revista\/","og_site_name":"Juvigo Revista","article_publisher":"https:\/\/de-de.facebook.com\/meinjuvigo","article_modified_time":"2022-06-22T10:27:15+00:00","og_image":[{"width":1440,"height":590,"url":"https:\/\/juvigo.pt\/revista\/wp-content\/uploads\/2019\/02\/banner-small-1.jpg","type":"image\/jpeg"}],"twitter_card":"summary_large_image","twitter_site":"@meinjuvigo","twitter_misc":{"Tempo estimado de leitura":"1 minuto"},"schema":{"@context":"https:\/\/schema.org","@graph":[{"@type":"WebPage","@id":"https:\/\/juvigo.pt\/revista\/","url":"https:\/\/juvigo.pt\/revista\/","name":"Juvigo Revista - A revista de campos de f\u00e9rias, col\u00f3nias de f\u00e9rias e cursos de l\u00ednguas","isPartOf":{"@id":"https:\/\/juvigo.pt\/revista\/#website"},"datePublished":"2019-02-12T15:15:28+00:00","dateModified":"2022-06-22T10:27:15+00:00","description":"A revista de campos de f\u00e9rias, col\u00f3nias de f\u00e9rias e cursos de l\u00ednguas da Juvigo. Para crian\u00e7as, pais e parceiros. Encontra o teu campo de f\u00e9rias na Juvigo!","breadcrumb":{"@id":"https:\/\/juvigo.pt\/revista\/#breadcrumb"},"inLanguage":"pt","potentialAction":[{"@type":"ReadAction","target":["https:\/\/juvigo.pt\/revista\/"]}]},{"@type":"BreadcrumbList","@id":"https:\/\/juvigo.pt\/revista\/#breadcrumb","itemListElement":[{"@type":"ListItem","position":1,"name":"Juvigo Revista","item":"https:\/\/juvigo.pt\/revista\/"},{"@type":"ListItem","position":2,"name":"Revista"}]},{"@type":"WebSite","@id":"https:\/\/juvigo.pt\/revista\/#website","url":"https:\/\/juvigo.pt\/revista\/","name":"Juvigo Revista","description":"A revista Juvigo de Campos de f\u00e9rias, Col\u00f3nias de f\u00e9rias e Cursos de L\u00ednguas","publisher":{"@id":"https:\/\/juvigo.pt\/revista\/#organization"},"potentialAction":[{"@type":"SearchAction","target":{"@type":"EntryPoint","urlTemplate":"https:\/\/juvigo.pt\/revista\/?s={search_term_string}"},"query-input":{"@type":"PropertyValueSpecification","valueRequired":true,"valueName":"search_term_string"}}],"inLanguage":"pt"},{"@type":"Organization","@id":"https:\/\/juvigo.pt\/revista\/#organization","name":"Juvigo GmbH","url":"https:\/\/juvigo.pt\/revista\/","logo":{"@type":"ImageObject","inLanguage":"pt","@id":"https:\/\/juvigo.pt\/revista\/#\/schema\/logo\/image\/","url":"https:\/\/juvigo.es\/revista\/wp-content\/uploads\/2022\/02\/magazine_logo_scaled.png","contentUrl":"https:\/\/juvigo.es\/revista\/wp-content\/uploads\/2022\/02\/magazine_logo_scaled.png","width":240,"height":100,"caption":"Juvigo GmbH"},"image":{"@id":"https:\/\/juvigo.pt\/revista\/#\/schema\/logo\/image\/"},"sameAs":["https:\/\/de-de.facebook.com\/meinjuvigo","https:\/\/x.com\/meinjuvigo","http:\/\/instagram.com\/juvigo_de\/"]}]}},"wps_subtitle":"","coauthors":[],"author_meta":{"author_link":"https:\/\/juvigo.pt\/revista\/author\/miguel-2\/","display_name":"Miguel Matos"},"relative_dates":{"created":"Posted 7 anos ago","modified":"Updated 4 anos ago"},"absolute_dates":{"created":"Posted on 12.02.2019","modified":"Updated on 22.06.2022"},"absolute_dates_time":{"created":"Posted on 12.02.2019 16:15","modified":"Updated on 22.06.2022 12:27"},"featured_img_caption":"","featured_img":false,"series_order":"","_links":{"self":[{"href":"https:\/\/juvigo.pt\/revista\/wp-json\/wp\/v2\/pages\/23","targetHints":{"allow":["GET"]}}],"collection":[{"href":"https:\/\/juvigo.pt\/revista\/wp-json\/wp\/v2\/pages"}],"about":[{"href":"https:\/\/juvigo.pt\/revista\/wp-json\/wp\/v2\/types\/page"}],"author":[{"embeddable":true,"href":"https:\/\/juvigo.pt\/revista\/wp-json\/wp\/v2\/users\/18"}],"replies":[{"embeddable":true,"href":"https:\/\/juvigo.pt\/revista\/wp-json\/wp\/v2\/comments?post=23"}],"version-history":[{"count":79,"href":"https:\/\/juvigo.pt\/revista\/wp-json\/wp\/v2\/pages\/23\/revisions"}],"predecessor-version":[{"id":7778,"href":"https:\/\/juvigo.pt\/revista\/wp-json\/wp\/v2\/pages\/23\/revisions\/7778"}],"wp:attachment":[{"href":"https:\/\/juvigo.pt\/revista\/wp-json\/wp\/v2\/media?parent=23"}],"wp:term":[{"taxonomy":"category","embeddable":true,"href":"https:\/\/juvigo.pt\/revista\/wp-json\/wp\/v2\/categories?post=23"},{"taxonomy":"post_tag","embeddable":true,"href":"https:\/\/juvigo.pt\/revista\/wp-json\/wp\/v2\/tags?post=23"}],"curies":[{"name":"wp","href":"https:\/\/api.w.org\/{rel}","templated":true}]}}